 10690.
10
What is the greatest common factor of 28 and 108?
4
What is the highest common factor of 80 and 100?
20
What is the highest common divisor of 95 and 57?
19
Calculate the greatest common factor of 26 and 195.
13
What is the highest common divisor of 31 and 8339?
31
What is the highest common factor of 1424 and 24?
8
What is the highest common divisor of 575 and 75?
25
What is the greatest common factor of 48 and 75?
3
Calculate the highest common factor of 75554 and 74.
74
Calculate the highest common divisor of 6 and 1936.
2
What is the highest common divisor of 546 and 13741?
91
What is the highest common divisor of 6160 and 1936?
176
What is the greatest common factor of 360 and 4?
4
What is the highest common factor of 266 and 418?
38
What is the highest common divisor of 3 and 5469?
3
What is the highest common factor of 220 and 11?
11
What is the highest common factor of 62 and 1922?
62
What is the greatest common divisor of 5070 and 169?
169
Calculate the highest common factor of 2051 and 4.
1
What is the greatest common divisor of 154 and 8?
2
What is the greatest common divisor of 405 and 15?
15
Calculate the greatest common divisor of 1869 and 69.
3
What is the greatest common divisor of 16409 and 122?
61
Calculate the highest common factor of 152 and 95.
19
What is the greatest common factor of 74591 and 11?
11
What is the greatest common factor of 390 and 546?
78
Calculate the highest common factor of 525 and 1827.
21
What is the greatest common divisor of 8528 and 128?
16
Calculate the greatest common divisor of 30 and 84.
6
What is the highest common factor of 2236 and 688?
172
Calculate the greatest common divisor of 94 and 70.
2
What is the highest common divisor of 210 and 810?
30
What is the greatest common divisor of 15436 and 17?
17
Calculate the highest common factor of 1666 and 646.
34
Calculate the greatest common factor of 63 and 171.
9
What is the greatest common factor of 211 and 6541?
211
Calculate the highest common factor of 220 and 88.
44
Calculate the highest common factor of 299 and 13.
13
Calculate the greatest common divisor of 52 and 754.
26
Calculate the highest common factor of 216 and 81.
27
What is the greatest common divisor of 1376 and 516?
172
Calculate the highest common divisor of 72 and 136.
8
What is the highest common factor of 140 and 224?
28
Calculate the greatest common divisor of 448 and 576.
64
Calculate the greatest common divisor of 8 and 3628.
4
What is the highest common factor of 815 and 5053?
163
Calculate the greatest common factor of 279 and 2139.
93
Calculate the highest common divisor of 162 and 1296.
162
Calculate the greatest common factor of 7042 and 14.
14
Calculate the greatest common factor of 108 and 60.
12
Calculate the highest common factor of 1653 and 57.
57
Calculate the highest common factor of 24932 and 184.
92
Calculate the greatest common divisor of 84 and 588.
84
What is the greatest common divisor of 664 and 16?
8
Calculate the highest common divisor of 6 and 5.
1
What is the greatest common divisor of 39 and 12207?
39
Calculate the highest common divisor of 9 and 153.
9
Calculate the greatest common divisor of 16 and 3024.
16
Calculate the greatest common factor of 15 and 210.
15
Calculate the highest common divisor of 57 and 228.
57
What is the highest common factor of 47 and 235?
47
Calculate the greatest common factor of 975 and 900.
75
Calculate the highest common divisor of 144 and 1602.
18
What is the greatest common factor of 3565 and 230?
115
Calculate the highest common factor of 1980 and 300.
60
What is the highest common factor of 825 and 175?
25
Calculate the highest common divisor of 3348 and 900.
36
What is the greatest common divisor of 1762 and 1?
1
What is the highest common divisor of 525 and 21?
21
What is the highest common factor of 1969 and 22?
11
What is the greatest common factor of 2048 and 2304?
256
Calculate the highest common factor of 50135 and 185.
185
Calculate the highest common divisor of 38 and 589.
19
What is the highest common divisor of 3206 and 28?
14
Calculate the highest common divisor of 25524 and 72.
36
What is the greatest common factor of 4199 and 171?
19
Calculate the highest common divisor of 221 and 68.
17
Calculate the highest common factor of 116 and 174.
58
Calculate the greatest common divisor of 861 and 42.
21
What is the highest common divisor of 52 and 26?
26
What is the greatest common factor of 543 and 6154?
181
Calculate the highest common factor of 93 and 4.
1
Calculate the greatest common factor of 78 and 1846.
26
Calculate the highest common divisor of 736 and 276.
92
Calculate the highest common factor of 25 and 4750.
25
What is the greatest common divisor of 11 and 78419?
11
What is the highest common divisor of 223 and 18063?
223
What is the highest common divisor of 70 and 530?
10
Calculate the highest common factor of 17155 and 146.
73
Calculate the greatest common factor of 1441 and 44.
11
What is the greatest common factor of 1615 and 51?
17
Calculate the highest common divisor of 2033 and 856.
107
Calculate the greatest common factor of 126 and 1575.
63
Calculate the greatest common divisor of 4929 and 155.
31
Calculate the greatest common divisor of 1464 and 84.
12
Calculate the highest common factor of 15 and 95.
5
What is the highest common divisor of 55 and 35?
5
What is the greatest common divisor of 945 and 35?
35
Calculate the highest common divisor of 1122 and 110.
22
What is the greatest common divisor of 3476 and 79?
79
Calculate the highest common factor of 595 and 425.
85
Calculate the highest common factor of 759 and 11.
11
What is the highest common divisor of 177 and 57?
3
Calculate the greatest common factor of 900 and 18.
18
What is the highest common factor of 1159 and 61?
61
What is the highest common divisor of 3198 and 351?
39
Calculate the greatest common factor of 360 and 225.
45
Calculate the greatest common divisor of 948 and 24.
12
Calculate the greatest common factor of 14 and 742.
14
Calculate the greatest common divisor of 111 and 2701.
37
Calculate the highest common factor of 20 and 452.
4
What is the greatest common divisor of 9506 and 28?
14
What is the highest common factor of 115 and 3312?
23
Calculate the highest common factor of 135 and 297.
27
Calculate the greatest common divisor of 248 and 15872.
248
What is the greatest common factor of 1945 and 10?
5
Calculate the greatest common divisor of 170 and 1088.
34
What is the greatest common divisor of 160 and 130?
10
Calculate the greatest common divisor of 20 and 9260.
20
What is the highest common factor of 1320 and 1518?
66
What is the greatest common divisor of 19 and 3173?
19
What is the highest common divisor of 36 and 2964?
12
Calculate the greatest common divisor of 106 and 2809.
53
Calculate the highest common divisor of 5 and 1145.
5
Calculate the highest common divisor of 185 and 37.
37
What is the highest common factor of 112 and 208?
16
What is the greatest common factor of 70 and 826?
14
What is the greatest common factor of 117 and 2769?
39
What is the greatest common factor of 6446 and 22?
22
Calculate the greatest common divisor of 417 and 6.
3
Calculate the highest common factor of 693 and 616.
77
Calculate the highest common divisor of 6 and 87.
3
What is the greatest common divisor of 924 and 1428?
84
Calculate the greatest common divisor of 3 and 213.
3
Calculate the highest common factor of 123 and 287.
41
What is the highest common divisor of 13 and 2?
1
What is the greatest common divisor of 4176 and 32?
16
What is the highest common factor of 1180 and 20?
20
Calculate the highest common divisor of 40 and 20.
20
What is the greatest common factor of 14 and 252?
14
Calculate the greatest common factor of 549 and 36.
9
What is the greatest common factor of 17766 and 1890?
378
What is the highest common divisor of 259 and 1477?
7
What is the greatest common divisor of 301 and 688?
43
What is the greatest common divisor of 259 and 851?
37
What is the greatest common factor of 496 and 62?
62
Calculate the highest common factor of 52 and 14768.
52
What is the greatest common factor of 10 and 4010?
10
What is the highest common divisor of 2 and 1822?
2
Calculate the greatest common